{"id":1043,"date":"2018-04-04T16:38:22","date_gmt":"2018-04-04T14:38:22","guid":{"rendered":"http:\/\/ploumilliau.bzh\/mairie\/?page_id=1043"},"modified":"2026-03-19T16:03:38","modified_gmt":"2026-03-19T15:03:38","slug":"conseil-municipal-2","status":"publish","type":"page","link":"https:\/\/ploumilliau.bzh\/mairie\/conseil-municipal-2\/","title":{"rendered":"Conseil Municipal"},"content":{"rendered":"<p><a class=\"btn btn-default btn-normal btn-inline \" title=\"ARTISANS\" href=\"http:\/\/ploumilliau.bzh\/mairie\/conseil-municipal\/\">LES \u00c9LUS<\/a> \u00a0<a class=\"btn btn-default btn-normal btn-inline \" title=\"SERVICES\" href=\"http:\/\/ploumilliau.bzh\/mairie\/comptes-rendus-de-conseils-municipaux\/\">PROC\u00c8S-VERBAUX<\/a><\/p>\n<p><span style=\"color: #0000ff;\"><a style=\"color: #0000ff;\" href=\"https:\/\/ploumilliau.bzh\/mairie\/wp-content\/uploads\/2026\/03\/Convocation-a-la-premiere-seance-du-conseil-municipal-2026.pdf\">Ordre du jour de la 1\u00e8re s\u00e9ance du nouveau Conseil Municipal 2026<\/a><\/span><\/p>\n","protected":false},"excerpt":{"rendered":"<p>LES \u00c9LUS \u00a0PROC\u00c8S-VERBAUX Ordre du jour de la 1\u00e8re s\u00e9ance du nouveau Conseil Municipal 2026<\/p>\n","protected":false},"author":2,"featured_media":0,"parent":0,"menu_order":0,"comment_status":"closed","ping_status":"closed","template":"","meta":[],"_links":{"self":[{"href":"https:\/\/ploumilliau.bzh\/mairie\/wp-json\/wp\/v2\/pages\/1043"}],"collection":[{"href":"https:\/\/ploumilliau.bzh\/mairie\/wp-json\/wp\/v2\/pages"}],"about":[{"href":"https:\/\/ploumilliau.bzh\/mairie\/wp-json\/wp\/v2\/types\/page"}],"author":[{"embeddable":true,"href":"https:\/\/ploumilliau.bzh\/mairie\/wp-json\/wp\/v2\/users\/2"}],"replies":[{"embeddable":true,"href":"https:\/\/ploumilliau.bzh\/mairie\/wp-json\/wp\/v2\/comments?post=1043"}],"version-history":[{"count":22,"href":"https:\/\/ploumilliau.bzh\/mairie\/wp-json\/wp\/v2\/pages\/1043\/revisions"}],"predecessor-version":[{"id":4800,"href":"https:\/\/ploumilliau.bzh\/mairie\/wp-json\/wp\/v2\/pages\/1043\/revisions\/4800"}],"wp:attachment":[{"href":"https:\/\/ploumilliau.bzh\/mairie\/wp-json\/wp\/v2\/media?parent=1043"}],"curies":[{"name":"wp","href":"https:\/\/api.w.org\/{rel}","templated":true}]}}