{"id":193,"date":"2016-02-26T15:02:17","date_gmt":"2016-02-26T14:02:17","guid":{"rendered":"http:\/\/ploumilliau.bzh\/mairie\/?page_id=193"},"modified":"2026-04-08T14:39:29","modified_gmt":"2026-04-08T12:39:29","slug":"enfance-jeunesse","status":"publish","type":"page","link":"https:\/\/ploumilliau.bzh\/mairie\/enfance-jeunesse\/","title":{"rendered":"Enfance &#038; Jeunesse"},"content":{"rendered":"\n<figure class=\"wp-block-image\"><img loading=\"lazy\" width=\"762\" height=\"200\" src=\"http:\/\/ploumilliau.bzh\/mairie\/wp-content\/uploads\/2016\/03\/enfance.jpg\" alt=\"enfance\" class=\"wp-image-474\" srcset=\"https:\/\/ploumilliau.bzh\/mairie\/wp-content\/uploads\/2016\/03\/enfance.jpg 762w, https:\/\/ploumilliau.bzh\/mairie\/wp-content\/uploads\/2016\/03\/enfance-310x81.jpg 310w\" sizes=\"(max-width: 762px) 100vw, 762px\" \/><\/figure>\n\n\n\n<h1><span style=\"color: #bdb600;\">Ecoles <\/span><span style=\"font-size: 11px; color: #bdb600;\">&nbsp;<\/span><\/h1>\n\n\n\n<ul><li><strong><span style=\"color: #b6bd00;\">GROUPE SCOLAIRE FRANCIS HALL\u00c9<\/span><\/strong> - 23, rue des \u00c9coles - 22300 PLOUMILLIAU -&nbsp; 02 96 35 34 70<\/li><li><strong><span style=\"color: #b6bd00;\">ECOLE PRIV\u00c9E NOTRE-DAME<\/span><\/strong> - 17, rue Villiers de l\u2019Isle-Adam - 22300 PLOUMILLIAU - 02 96 35 49 24 - <span style=\"color: #ff9900;\"><a style=\"color: #ff9900;\" rel=\"noopener noreferrer\" href=\"https:\/\/fr-fr.facebook.com\/apelploumilliau\/\" target=\"_blank\">Site internet<\/a><\/span><\/li><\/ul>\n\n\n\n<h1>&nbsp;<\/h1>\n\n\n\n<h1><span style=\"color: #bdb600;\">Restaurant scolaire<\/span><\/h1>\n\n\n\n<ul><li>Lien r\u00e9servation cantine\u00a0 :\u00a0<a href=\"https:\/\/mairiedeploumilliau.innoenfance.fr\/portailFamillePloumilliau\/\">https:\/\/mairiedeploumilliau.innoenfance.fr\/portailFamillePloumilliau\/<\/a><\/li><li>R\u00e8glement\u00a0<a href=\"https:\/\/ploumilliau.bzh\/mairie\/wp-content\/uploads\/2022\/08\/reglement-restaurant-scolaire.pdf\"><img loading=\"lazy\" width=\"30\" height=\"30\" class=\"alignnone wp-image-1152 size-full\" src=\"https:\/\/ploumilliau.bzh\/mairie\/wp-content\/uploads\/2018\/05\/PDF-blanc-e1530090938812.jpg\" alt=\"\"><\/a><\/li><li>Mandat SEPA\u00a0<a href=\"https:\/\/ploumilliau.bzh\/mairie\/wp-content\/uploads\/2026\/03\/Mandat-SEPA.pdf\"><img loading=\"lazy\" width=\"30\" height=\"30\" class=\"alignnone size-full wp-image-1152\" src=\"http:\/\/ploumilliau.bzh\/mairie\/wp-content\/uploads\/2018\/05\/PDF-blanc-e1530090938812.jpg\" alt=\"\"><\/a><\/li><li>Tarifs\u00a0\u00a0<a href=\"https:\/\/ploumilliau.bzh\/mairie\/wp-content\/uploads\/2022\/08\/Tarif-restaurant-scolaire-1.pdf\"><img loading=\"lazy\" width=\"30\" height=\"30\" class=\"alignnone size-full wp-image-1152\" src=\"http:\/\/ploumilliau.bzh\/mairie\/wp-content\/uploads\/2018\/05\/PDF-blanc-e1530090938812.jpg\" alt=\"\"><\/a><\/li><li>Menu\u00a0\u00a0<a href=\"https:\/\/ploumilliau.bzh\/mairie\/wp-content\/uploads\/2021\/06\/Menu-juin-2021-1.pdf\">\u00a0<\/a><a href=\"https:\/\/ploumilliau.bzh\/mairie\/wp-content\/uploads\/2026\/04\/Copie-de-tableau-menus-2025-2026.pdf\"><img loading=\"lazy\" width=\"30\" height=\"30\" class=\"alignnone wp-image-1147\" src=\"http:\/\/ploumilliau.bzh\/mairie\/wp-content\/uploads\/2018\/05\/menu-pdf.jpg\" alt=\"\"><\/a><a href=\"https:\/\/ploumilliau.bzh\/mairie\/wp-content\/uploads\/2023\/11\/Menu-Nov-Dec-2023.pdf\"> <\/a>\u00a0 <a href=\"https:\/\/ploumilliau.bzh\/mairie\/wp-content\/uploads\/2026\/04\/Copie-de-tableau-menus-2025-2026.pdf\">Menu Mai-Juin 2026<\/a><\/li><li>Informations menu : <strong> 26 mai 2026 \u00e0 16h30<\/strong><\/li><li>Qualit\u00e9 des approvisionnements au restaurant scolaire 2024 (loi EGAlim) :  <a href=\"https:\/\/ploumilliau.bzh\/mairie\/wp-content\/uploads\/2025\/05\/Cantine-qualite-2024.pdf\"><img loading=\"lazy\" width=\"30\" height=\"30\" class=\"alignnone size-full wp-image-1152\" src=\"http:\/\/ploumilliau.bzh\/mairie\/wp-content\/uploads\/2018\/05\/PDF-blanc-e1530090938812.jpg\" alt=\"\"><\/a><\/li><\/ul>\n\n\n\n<h1>&nbsp;<\/h1>\n\n\n\n<h1><span style=\"color: #bdb600;\">Garderie p\u00e9riscolaire<\/span><\/h1>\n\n\n\n<ul><li>Lien r\u00e9servation garderie&nbsp; :&nbsp;<a href=\"https:\/\/mairiedeploumilliau.innoenfance.fr\/portailFamillePloumilliau\/\">https:\/\/mairiedeploumilliau.innoenfance.fr\/portailFamillePloumilliau\/<\/a><\/li><li>Fiche d'inscription&nbsp; &nbsp;<a href=\"https:\/\/ploumilliau.bzh\/mairie\/wp-content\/uploads\/2021\/06\/fiche-inscription.pdf\"><img loading=\"lazy\" width=\"30\" height=\"30\" class=\"alignnone wp-image-1152\" src=\"http:\/\/ploumilliau.bzh\/mairie\/wp-content\/uploads\/2018\/05\/PDF-blanc.jpg\" alt=\"\"><\/a><\/li><li>R\u00e8glement&nbsp;<a href=\"https:\/\/ploumilliau.bzh\/mairie\/wp-content\/uploads\/2022\/08\/reglement-accueil-periscolaire.pdf\"><img loading=\"lazy\" width=\"30\" height=\"30\" class=\"alignnone wp-image-1152 size-full\" src=\"https:\/\/ploumilliau.bzh\/mairie\/wp-content\/uploads\/2018\/05\/PDF-blanc-e1530090938812.jpg\" alt=\"\"><\/a><\/li><li>Mandat SEPA&nbsp;<a href=\"https:\/\/ploumilliau.bzh\/mairie\/wp-content\/uploads\/2022\/08\/Tarif-accueil-periscolaire.pdf\"><img loading=\"lazy\" width=\"30\" height=\"30\" class=\"alignnone size-full wp-image-1152\" src=\"http:\/\/ploumilliau.bzh\/mairie\/wp-content\/uploads\/2018\/05\/PDF-blanc-e1530090938812.jpg\" alt=\"\"><\/a><\/li><li>Tarifs&nbsp;&nbsp;<a href=\"https:\/\/ploumilliau.bzh\/mairie\/wp-content\/uploads\/2022\/08\/Tarif-accueil-periscolaire.pdf\"><img loading=\"lazy\" width=\"30\" height=\"30\" class=\"alignnone size-full wp-image-1152\" src=\"http:\/\/ploumilliau.bzh\/mairie\/wp-content\/uploads\/2018\/05\/PDF-blanc-e1530090938812.jpg\" alt=\"\"><\/a><\/li><\/ul>\n\n\n\n<h1>&nbsp;<\/h1>\n\n\n\n<h1><span style=\"color: #bdb600;\">Assistantes maternelles <\/span><span style=\"font-size: 11px; color: #bdb600;\">&nbsp;<\/span><\/h1>\n\n\n\n<ul><li><strong><span style=\"color: #b6bd00;\">Le Relais Petite Enfance<\/span><\/strong><\/li><\/ul>\n\n\n\n<p><span style=\"color: #000000;\"><strong>Le Relais Parents Assistants Maternels<\/strong> change de nom mais garde toutes les activit\u00e9s pr\u00e9c\u00e9dentes.<\/span><\/p>\n\n\n\n<p>Le Relais reste \u00e0 la disposition des ass. mat et familles sur RDV.<\/p>\n\n\n\n<p><strong>Lannion Tr\u00e9gor Communaut\u00e9<\/strong> - 1 rue Gaspard Monge- 22300 LANNION -<br>Delphine COZIC au 06 30 10 04 57&nbsp;&nbsp;- <a rel=\"noopener noreferrer\" href=\"https:\/\/www.lannion-tregor.com\/fr\/enfance-jeunesse\/petite-enfance-0-3-ans\/les-relais-parents-assistants-maternels-rpam.html\" target=\"_blank\"><span style=\"color: #ff9900;\">Page internet<\/span><\/a><a rel=\"noopener noreferrer\" href=\"http:\/\/www.lannion-tregor.com\/fr\/enfance-jeunesse\/petite-enfance\/les-relais-parents-assistants-maternels-rpam.html\" target=\"_blank\"><br><\/a>Permanence au Centre Communal d'Action Social (CCAS)<br>Espace Jeux - salle des f\u00eates<br><a href=\"https:\/\/ploumilliau.bzh\/mairie\/wp-content\/uploads\/2026\/03\/2026.04-planning-PLESTIN-AVRIL.pdf\"><img loading=\"lazy\" width=\"30\" height=\"30\" class=\"alignnone wp-image-1152 size-full\" src=\"https:\/\/ploumilliau.bzh\/mairie\/wp-content\/uploads\/2018\/05\/PDF-blanc-e1530090938812.jpg\" alt=\"\"><\/a> <a href=\"https:\/\/ploumilliau.bzh\/mairie\/wp-content\/uploads\/2026\/03\/2026.04-planning-PLESTIN-AVRIL.pdf\">RPAM Avril 2026<\/a><\/p>\n\n\n\n<p><\/p>\n\n\n\n<ul><li><strong><span style=\"color: #b6bd00;\">Liste des assistant(e)s maternel(le)s agr\u00e9\u00e9(e)s<\/span><\/strong><\/li><\/ul>\n\n\n\n<p><span style=\"color: #ff9900;\"><a href=\"https:\/\/ploumilliau.bzh\/mairie\/wp-content\/uploads\/2026\/03\/Liste-des-ASMATS-2026_03.pdf\"><img loading=\"lazy\" width=\"30\" height=\"30\" class=\"alignnone wp-image-1152 size-full\" src=\"https:\/\/ploumilliau.bzh\/mairie\/wp-content\/uploads\/2018\/05\/PDF-blanc-e1530090938812.jpg\" alt=\"\"><\/a><\/span>  <a href=\"https:\/\/ploumilliau.bzh\/mairie\/wp-content\/uploads\/2026\/03\/Liste-des-ASMATS-2026_03.pdf\">Liste Mars 2026<\/a><\/p>\n\n\n\n<ul><li><strong><span style=\"color: #b6bd00;\">MAM - Les Marmailles<\/span><\/strong><\/li><\/ul>\n\n\n\n<p>(en lieu et place des Korrigans)<\/p>\n\n\n\n<p><a href=\"https:\/\/ploumilliau.bzh\/mairie\/wp-content\/uploads\/2025\/07\/MAM-Affiche.png\"><img loading=\"lazy\" width=\"30\" height=\"30\" class=\"alignnone wp-image-1152 size-full\" src=\"https:\/\/ploumilliau.bzh\/mairie\/wp-content\/uploads\/2018\/05\/PDF-blanc-e1530090938812.jpg\" alt=\"\"><\/a>  Tel : 06 58 95 21 72<\/p>\n\n\n\n<p><span style=\"color: #000000;\">2, hent Prat Kreiz - 22300 Ploumilliau<\/span><\/p>\n\n\n\n<h1><span style=\"color: #bdb600;\">Loisirs <\/span><span style=\"font-size: 11px; color: #bdb600;\">&nbsp;<\/span><\/h1>\n\n\n\n<ul><li><strong><span style=\"color: #b6bd00;\">Centre de Loisirs <\/span><\/strong>&nbsp;rue des \u00e9coles - 22300 PLOUMILLIAU - 02 96 35 32 92 - <a href=\"http:\/\/www.sivuaodarbrug.fr\/le-sivu\/presentation\/\" target=\"_blank\" rel=\"noopener noreferrer\"><span style=\"color: #ff9900;\">Site internet<\/span><\/a><\/li><\/ul>\n","protected":false},"excerpt":{"rendered":"<p>Ecoles &nbsp; GROUPE SCOLAIRE FRANCIS HALL\u00c9 - 23, rue des \u00c9coles - 22300 PLOUMILLIAU -&nbsp; 02 96 35 34 70 ECOLE PRIV\u00c9E NOTRE-DAME - 17, rue Villiers de l\u2019Isle-Adam - 22300 PLOUMILLIAU - 02 96 35 49 24 - Site internet &nbsp; Restaurant scolaire Lien r\u00e9servation cantine\u00a0 :\u00a0https:\/\/mairiedeploumilliau.innoenfance.fr\/portailFamillePloumilliau\/ R\u00e8glement\u00a0 Mandat SEPA\u00a0 Tarifs\u00a0\u00a0 Menu\u00a0\u00a0\u00a0 \u00a0 Menu Mai-Juin 2026 Informations menu :&nbsp;<a href=\"https:\/\/ploumilliau.bzh\/mairie\/enfance-jeunesse\/\" class=\"read-more\">Lire la suite<\/a><\/p>\n","protected":false},"author":1,"featured_media":0,"parent":0,"menu_order":0,"comment_status":"closed","ping_status":"closed","template":"","meta":[],"_links":{"self":[{"href":"https:\/\/ploumilliau.bzh\/mairie\/wp-json\/wp\/v2\/pages\/193"}],"collection":[{"href":"https:\/\/ploumilliau.bzh\/mairie\/wp-json\/wp\/v2\/pages"}],"about":[{"href":"https:\/\/ploumilliau.bzh\/mairie\/wp-json\/wp\/v2\/types\/page"}],"author":[{"embeddable":true,"href":"https:\/\/ploumilliau.bzh\/mairie\/wp-json\/wp\/v2\/users\/1"}],"replies":[{"embeddable":true,"href":"https:\/\/ploumilliau.bzh\/mairie\/wp-json\/wp\/v2\/comments?post=193"}],"version-history":[{"count":321,"href":"https:\/\/ploumilliau.bzh\/mairie\/wp-json\/wp\/v2\/pages\/193\/revisions"}],"predecessor-version":[{"id":4843,"href":"https:\/\/ploumilliau.bzh\/mairie\/wp-json\/wp\/v2\/pages\/193\/revisions\/4843"}],"wp:attachment":[{"href":"https:\/\/ploumilliau.bzh\/mairie\/wp-json\/wp\/v2\/media?parent=193"}],"curies":[{"name":"wp","href":"https:\/\/api.w.org\/{rel}","templated":true}]}}