{"id":195,"date":"2016-02-26T15:02:41","date_gmt":"2016-02-26T14:02:41","guid":{"rendered":"http:\/\/ploumilliau.bzh\/mairie\/?page_id=195"},"modified":"2019-01-08T16:18:06","modified_gmt":"2019-01-08T15:18:06","slug":"environnement","status":"publish","type":"page","link":"https:\/\/ploumilliau.bzh\/mairie\/environnement\/","title":{"rendered":"Environnement"},"content":{"rendered":"<p><img loading=\"lazy\" class=\"alignnone size-full wp-image-472\" src=\"http:\/\/ploumilliau.bzh\/mairie\/wp-content\/uploads\/2016\/03\/environnement.jpg\" alt=\"environnement\" width=\"762\" height=\"200\" srcset=\"https:\/\/ploumilliau.bzh\/mairie\/wp-content\/uploads\/2016\/03\/environnement.jpg 762w, https:\/\/ploumilliau.bzh\/mairie\/wp-content\/uploads\/2016\/03\/environnement-310x81.jpg 310w\" sizes=\"(max-width: 762px) 100vw, 762px\" \/><\/p>\n<h1><span style=\"color: #bdb600;\">Eau &amp; Assainissement <\/span><span style=\"font-size: 11px; color: #bdb600;\">\u00a0<\/span><\/h1>\n<p><strong><em>L'eau qui coule de nos robinets est une ressource fondamentale et fragile. La qualit\u00e9 de cette eau est la pr\u00e9occupation premi\u00e8re de notre collectivit\u00e9. Lannion-Tr\u00e9gor Communaut\u00e9 assure aujourd\u2019hui pour le compte de certaines communes la distribution et la production de l\u2019eau potable. C'est le cas pour notre commune.<\/em><\/strong><\/p>\n<ul>\n<li><strong><span style=\"color: #b6bd00;\">SERVICE EAU ET ASSAINISSEMENT<\/span><\/strong> (lannion Tr\u00e9gor Communaut\u00e9) - Espace administratif de Kermaria - 11 bd Louis Guilloux - 22300 LANNION - 02 96 05 60 90<\/li>\n<li><strong><span style=\"color: #b6bd00;\">ASSAINISSEMENT NON COLLECTIF<\/span><\/strong> - Pour tout renseignement, merci de consulter le site de Lannion Tr\u00e9gor Communaut\u00e9. De nombreux formulaires sont \u00e0 votre disposition en t\u00e9l\u00e9chargement : <a href=\"http:\/\/www.lannion-tregor.com\/fr\/eau-assainissement.html\" target=\"_blank\" rel=\"noopener\">Cliquez-ici<\/a><\/li>\n<\/ul>\n<div class=\"hr\"><\/div>\n<h1><span style=\"color: #bdb600;\">Zones Humides<\/span><span style=\"font-size: 11px; color: #bdb600;\">\u00a0<\/span><\/h1>\n<p><strong><em> La commune a r\u00e9alis\u00e9, avec le concours technique du comit\u00e9 des Bassins versants de la Lieue de Gr\u00e8ve et du Sage Baie de Lannion, la carte des cours d\u2019eau et zones humides de son territoire. Le r\u00e9sultat de cet inventaire, sous forme de cartographie, est visible \u00e0 la mairie.<\/em><\/strong><br \/>\n<a class=\"btn\" href=\"http:\/\/ploumilliau.bzh\/mairie\/zones-humides\/\">Lire la suite<\/a><\/p>\n<div class=\"hr\"><\/div>\n<h1><span style=\"color: #bdb600;\">D\u00e9chets <\/span><span style=\"font-size: 11px; color: #bdb600;\">\u00a0<\/span><\/h1>\n<ul>\n<li><strong><span style=\"color: #b6bd00;\">COLLECTE DES ORDURES<\/span><\/strong> - Pour conna\u00eetre le jour de collecte des ordures m\u00e9nag\u00e8res ou du tri s\u00e9lectif : <a href=\"http:\/\/www.lannion-tregor.com\/fr\/dechets\/les-jours-de-collecte-des-dechets.html\" target=\"_blank\" rel=\"noopener\">Cliquez-ici<\/a><\/li>\n<li><strong><span style=\"color: #b6bd00;\">D\u00c9CH\u00c8TERIE<\/span><\/strong> - Christ - 22300 PLOUMILLIAU - 02 96 35 24 50 - Ferm\u00e9e jeudi et dimanche - <a href=\"http:\/\/www.lannion-tregor.com\/fr\/dechets\/les-decheteries.html\" target=\"_blank\" rel=\"noopener\">Site internet<\/a><\/li>\n<li><strong><span style=\"color: #b6bd00;\">LES ENCOMBRANTS<\/span><\/strong> - Les encombrants sont collect\u00e9s chaque trimestre. Il faut s'inscrire par t\u00e9l\u00e9phone aupr\u00e8s de l'Agglo et d\u00e9poser vos encombrants devant votre domicile, sur la voie publique, dans la limite de 1 \u00e0 2 m3 maximum par foyer - 02 96 05 55 55 - <a href=\"http:\/\/www.lannion-tregor.com\/fr\/dechets\/les-encombrants.html\" target=\"_blank\" rel=\"noopener\">En savoir plus ...<\/a><\/li>\n<\/ul>\n<div class=\"hr\"><\/div>\n<h1><span style=\"color: #bdb600;\">Circuits courts <\/span><span style=\"font-size: 11px; color: #bdb600;\">\u00a0<\/span><\/h1>\n<p><strong><em>Notre r\u00e9gion poss\u00e8de de multiples atouts pour le d\u00e9veloppement des circuits courts de commercialisation, avec une forte concentration de producteurs qui pratiquent la vente directe ou la vente de paniers bio ainsi que le groupement de commande bio pour l'approvisionnement des cantines scolaires. En s'appuyant sur ces ressources locales, l'agglom\u00e9ration a la volont\u00e9 de d\u00e9velopper les fili\u00e8res de productions pour dynamiser l'\u00e9conomie locale, soutenir une agriculture de qualit\u00e9 et faciliter l'acc\u00e8s des consommateurs \u00e0 une alimentation de qualit\u00e9.<\/em><\/strong><\/p>\n<ul>\n<li><strong><span style=\"color: #b6bd00;\">DES CHAMPS \u00c0 L'ASSIETTE<\/span><\/strong> Avec l'annuaire des producteurs locaux : <a href=\"http:\/\/ptg.deschampsalassiette.fr\/\" target=\"_blank\" rel=\"noopener\">C'est ici !<\/a><\/li>\n<li><strong><span style=\"color: #b6bd00;\">LES PANIERS DU BOCAGE<\/span><\/strong> Pour un beau panier de produits fermiers et biologiques : <a href=\"http:\/\/www.lespaniersdubocage.com\/\" target=\"_blank\" rel=\"noopener\">Commandez en ligne<\/a><\/li>\n<\/ul>\n<p>... et venez chercher votre panier chez :<\/p>\n<ul>\n<li><strong><span style=\"color: #b6bd00;\">L'\u00ceLE AUX GOURMANDS<\/span><\/strong> - Julien BACHELET - L'Isle - 22300 PLOUMILLIAU - 06 47 60 97 44<\/li>\n<li><strong><span style=\"color: #b6bd00;\">TIGALET'AZEN<\/span><\/strong> - Christine Riou - 4 Toull ar c'harenn - 22300 PLOUMILLIAU - 02 96 35 46 75 - <a href=\"http:\/\/www.tigaletazen.com\/\" target=\"_blank\" rel=\"noopener\">Site internet<\/a><\/li>\n<\/ul>\n","protected":false},"excerpt":{"rendered":"<p>Eau &amp; Assainissement \u00a0 L'eau qui coule de nos robinets est une ressource fondamentale et fragile. La qualit\u00e9 de cette eau est la pr\u00e9occupation premi\u00e8re de notre collectivit\u00e9. Lannion-Tr\u00e9gor Communaut\u00e9 assure aujourd\u2019hui pour le compte de certaines communes la distribution et la production de l\u2019eau potable. C'est le cas pour notre commune. SERVICE EAU ET ASSAINISSEMENT (lannion Tr\u00e9gor Communaut\u00e9) -&nbsp;<a href=\"https:\/\/ploumilliau.bzh\/mairie\/environnement\/\" class=\"read-more\">Lire la suite<\/a><\/p>\n","protected":false},"author":1,"featured_media":0,"parent":0,"menu_order":0,"comment_status":"closed","ping_status":"closed","template":"","meta":[],"_links":{"self":[{"href":"https:\/\/ploumilliau.bzh\/mairie\/wp-json\/wp\/v2\/pages\/195"}],"collection":[{"href":"https:\/\/ploumilliau.bzh\/mairie\/wp-json\/wp\/v2\/pages"}],"about":[{"href":"https:\/\/ploumilliau.bzh\/mairie\/wp-json\/wp\/v2\/types\/page"}],"author":[{"embeddable":true,"href":"https:\/\/ploumilliau.bzh\/mairie\/wp-json\/wp\/v2\/users\/1"}],"replies":[{"embeddable":true,"href":"https:\/\/ploumilliau.bzh\/mairie\/wp-json\/wp\/v2\/comments?post=195"}],"version-history":[{"count":18,"href":"https:\/\/ploumilliau.bzh\/mairie\/wp-json\/wp\/v2\/pages\/195\/revisions"}],"predecessor-version":[{"id":1514,"href":"https:\/\/ploumilliau.bzh\/mairie\/wp-json\/wp\/v2\/pages\/195\/revisions\/1514"}],"wp:attachment":[{"href":"https:\/\/ploumilliau.bzh\/mairie\/wp-json\/wp\/v2\/media?parent=195"}],"curies":[{"name":"wp","href":"https:\/\/api.w.org\/{rel}","templated":true}]}}