{"id":197,"date":"2016-02-26T15:03:21","date_gmt":"2016-02-26T14:03:21","guid":{"rendered":"http:\/\/ploumilliau.bzh\/mairie\/?page_id=197"},"modified":"2025-02-26T15:36:58","modified_gmt":"2025-02-26T14:36:58","slug":"sante-social","status":"publish","type":"page","link":"https:\/\/ploumilliau.bzh\/mairie\/sante-social\/","title":{"rendered":"Sant\u00e9 &#038; Social"},"content":{"rendered":"<p><img loading=\"lazy\" class=\"alignnone size-full wp-image-489\" src=\"http:\/\/ploumilliau.bzh\/mairie\/wp-content\/uploads\/2016\/03\/santesocial.jpg\" alt=\"santesocial\" width=\"762\" height=\"200\" srcset=\"https:\/\/ploumilliau.bzh\/mairie\/wp-content\/uploads\/2016\/03\/santesocial.jpg 762w, https:\/\/ploumilliau.bzh\/mairie\/wp-content\/uploads\/2016\/03\/santesocial-310x81.jpg 310w\" sizes=\"(max-width: 762px) 100vw, 762px\" \/><\/p>\n<h1><span style=\"color: #bdb600;\">M\u00e9decin g\u00e9n\u00e9raliste <\/span><span style=\"font-size: 11px; color: #bdb600;\">\u00a0<\/span><\/h1>\n<ul>\n<li><strong><span style=\"color: #b6bd00;\">BOURCIER Sandrine<\/span><\/strong> - 5 rue Hent Prat Kreiz - 22300 PLOUMILLIAU - 02 96 13 45 94<\/li>\n<\/ul>\n<div class=\"hr\"><\/div>\n<h1><span style=\"color: #bdb600;\">Pharmacie <\/span><span style=\"font-size: 11px; color: #bdb600;\">\u00a0<\/span><\/h1>\n<ul>\n<li><strong><span style=\"color: #b6bd00;\">PHARMACIE DES BRUY\u00c8RES<\/span><\/strong> - 6 place de l'Eglise - 22300 PLOUMILLIAU - 02 96 35 45 36<\/li>\n<\/ul>\n<div class=\"hr\"><\/div>\n<div>\n<h1><span style=\"color: #bdb600;\">Cabine de t\u00e9l\u00e9consultations m\u00e9dicales dans le Tr\u00e9gor <\/span><span style=\"font-size: 11px; color: #bdb600;\">\u00a0<\/span><\/h1>\n<ul>\n<li><span style=\"color: #ff0000;\"><a style=\"color: #ff0000;\" href=\"https:\/\/ploumilliau.bzh\/mairie\/wp-content\/uploads\/2024\/06\/Affiche-carte-te\u0301le\u0301consult-MAJ062024.pdf\">Affiche carte te\u0301le\u0301consult MAJ062024<\/a><\/span><\/li>\n<li><a href=\"https:\/\/ploumilliau.bzh\/mairie\/wp-content\/uploads\/2024\/06\/Fiche-Memo-Teleconsult.pdf\"><span style=\"color: #ff0000;\">Fiche M\u00e9mo T\u00e9l\u00e9consult<\/span><\/a><\/li>\n<\/ul>\n<\/div>\n<div><\/div>\n<h1><\/h1>\n<h1><span style=\"color: #bdb600;\">Infirmi\u00e8re <\/span><span style=\"font-size: 11px; color: #bdb600;\">\u00a0<\/span><\/h1>\n<ul>\n<li><strong><span style=\"color: #b6bd00;\">CABINET Vanessa LAUDREN et Sterenn CHALONY-LACHIVER<\/span><\/strong> - 3 rue Anatole Le Braz - 22300 PLOUMILLIAU - 02 96 35 79 11<\/li>\n<li><strong><span style=\"color: #b6bd00;\">CABINET Elisabeth DEVERLY et Am\u00e9lie AUFFRET<\/span><\/strong> - 12, place de l'\u00c9glise - 22300 PLOUMILLIAU - 06 03 35 27 08<\/li>\n<li><strong><span style=\"color: #b6bd00;\">Emmanuelle MORVAN<\/span><\/strong>\u00a0- 22300 PLOUMILLIAU - 02 96 35 35 02<\/li>\n<li><strong><span style=\"color: #b6bd00;\">Natacha CHAUMET<\/span><\/strong> - 4 bis, rue Kerham - 22300 PLOUMILLIAU - 02 96 35 35 02<\/li>\n<li><strong><span style=\"color: #b6bd00;\">Marie QU\u00c9R\u00c9<\/span><\/strong> - Chrisot - 22300 PLOUMILLIAU - 02 96 54 47 59<\/li>\n<\/ul>\n<div class=\"hr\"><\/div>\n<h1><span style=\"color: #bdb600;\">Dentiste <\/span><span style=\"font-size: 11px; color: #bdb600;\">\u00a0<\/span><\/h1>\n<ul>\n<li><strong><span style=\"color: #b6bd00;\">Caroline LECORGNE<\/span><\/strong> - 21 rue Croas Og\u00e8s - 22300 PLOUMILLIAU - 02 96 35 45 91<\/li>\n<\/ul>\n<div class=\"hr\"><\/div>\n<h1><span style=\"color: #bdb600;\">Param\u00e9dical<\/span><\/h1>\n<ul>\n<li><strong><span style=\"color: #b6bd00;\">Ronan DELAHAYE<\/span><\/strong> (Orthophoniste) - 16 place de l'Eglise - 22300 PLOUMILLIAU - 02 96 35 35 99<\/li>\n<li><strong><span style=\"color: #b6bd00;\">Ghislaine ROUANET<\/span><\/strong> (P\u00e9dicure-Podologue) - 7, rue Villiers de L'Isle Adam - 22300 PLOUMILLIAU - 06 52 09 74 11 - www.maiia.com<\/li>\n<li><strong><span style=\"color: #b6bd00;\">Cl\u00e9ment LE BIHAN <\/span><\/strong>(Ost\u00e9opathie D.O.) - 13, rue Croas Og\u00e8s - 22300 PLOUMILLIAU - 06 95 25 90 81<\/li>\n<\/ul>\n<h1><\/h1>\n<h1><span style=\"color: #bdb600;\">Divers <\/span><span style=\"font-size: 11px; color: #bdb600;\">\u00a0<\/span><\/h1>\n<ul>\n<li><strong><span style=\"color: #b6bd00;\">No\u00e9mi GICQUEL <\/span><\/strong>(Psychologie clinique) - Saint Jean - 22300 PLOUMILLIAU - 07 67 97 73 74<\/li>\n<li><strong><span style=\"color: #b6bd00;\">L'ARBRE \u00c0 SOI<\/span><\/strong> (Acupuncture, hypnose, psychologie) - Route de Morlaix - 22300 PLOUMILLIAU - 06 75 76 48 94<\/li>\n<\/ul>\n<div class=\"hr\">\n<h1><\/h1>\n<\/div>\n<h1><span style=\"color: #bdb600;\">Social <\/span><span style=\"font-size: 11px; color: #bdb600;\">\u00a0<\/span><\/h1>\n<ul>\n<li><strong><span style=\"color: #b6bd00;\">CCAS<\/span><\/strong> (Centre Communal d'Action Sociale) - 16 rue Anatole Le Braz - 22300 PLOUMILLIAU - 02 96 35 39 27<br \/>\n<a href=\"http:\/\/ploumilliau.bzh\/mairie\/services-municipaux\/\" target=\"_blank\" rel=\"noopener noreferrer\"><span style=\"color: #ff9900;\">Voir page sur les SERVICES MUNICIPAUX<\/span><\/a><\/li>\n<li><strong><span style=\"color: #b6bd00;\">Maison du D\u00e9partement de LANNION<\/span><\/strong> (Assistante sociale) - 13 boulevard Louis Guilloux - 22300 LANNION - 02 96 04 01 04<\/li>\n<li><strong><span style=\"color: #b6bd00;\">EHPAD<\/span><\/strong> (Foyer-logement pour personnes \u00e2g\u00e9es) - 14 rue Anatole Le Braz - 22300 PLOUMILLIAU - 02 96 35 45 92<\/li>\n<li><strong><span style=\"color: #b6bd00;\">SSIAD<\/span><\/strong> (Service de Soins Infirmiers \u00c0 Domicile) - 28 route de Morlaix - 22300 PLESTIN-LES-GR\u00c8VES - 02 96 35 08 12<\/li>\n<\/ul>\n<div class=\"hr\"><\/div>\n<h1><span style=\"color: #bdb600;\">Cimeti\u00e8res <\/span><span style=\"font-size: 11px; color: #bdb600;\">\u00a0<\/span><\/h1>\n<ul>\n<li style=\"list-style-type: none;\">\n<ul>\n<li><strong><span style=\"color: #b6bd00;\">Tombes, columbarium, cavurnes enterr\u00e9es<\/span><\/strong> - Pour conna\u00eetre le prix des concessions dans les deux cimeti\u00e8res de Ploumilliau (celui du bourg et celui de Keraudy) merci de contacter la Mairie (voir ci-dessous).<\/li>\n<\/ul>\n<\/li>\n<\/ul>\n<div class=\"hr\"><\/div>\n","protected":false},"excerpt":{"rendered":"<p>M\u00e9decin g\u00e9n\u00e9raliste \u00a0 BOURCIER Sandrine - 5 rue Hent Prat Kreiz - 22300 PLOUMILLIAU - 02 96 13 45 94 Pharmacie \u00a0 PHARMACIE DES BRUY\u00c8RES - 6 place de l'Eglise - 22300 PLOUMILLIAU - 02 96 35 45 36 Cabine de t\u00e9l\u00e9consultations m\u00e9dicales dans le Tr\u00e9gor \u00a0 Affiche carte te\u0301le\u0301consult MAJ062024 Fiche M\u00e9mo T\u00e9l\u00e9consult Infirmi\u00e8re \u00a0 CABINET Vanessa LAUDREN et&nbsp;<a href=\"https:\/\/ploumilliau.bzh\/mairie\/sante-social\/\" class=\"read-more\">Lire la suite<\/a><\/p>\n","protected":false},"author":1,"featured_media":0,"parent":0,"menu_order":0,"comment_status":"closed","ping_status":"closed","template":"","meta":[],"_links":{"self":[{"href":"https:\/\/ploumilliau.bzh\/mairie\/wp-json\/wp\/v2\/pages\/197"}],"collection":[{"href":"https:\/\/ploumilliau.bzh\/mairie\/wp-json\/wp\/v2\/pages"}],"about":[{"href":"https:\/\/ploumilliau.bzh\/mairie\/wp-json\/wp\/v2\/types\/page"}],"author":[{"embeddable":true,"href":"https:\/\/ploumilliau.bzh\/mairie\/wp-json\/wp\/v2\/users\/1"}],"replies":[{"embeddable":true,"href":"https:\/\/ploumilliau.bzh\/mairie\/wp-json\/wp\/v2\/comments?post=197"}],"version-history":[{"count":27,"href":"https:\/\/ploumilliau.bzh\/mairie\/wp-json\/wp\/v2\/pages\/197\/revisions"}],"predecessor-version":[{"id":4471,"href":"https:\/\/ploumilliau.bzh\/mairie\/wp-json\/wp\/v2\/pages\/197\/revisions\/4471"}],"wp:attachment":[{"href":"https:\/\/ploumilliau.bzh\/mairie\/wp-json\/wp\/v2\/media?parent=197"}],"curies":[{"name":"wp","href":"https:\/\/api.w.org\/{rel}","templated":true}]}}