{"id":261,"date":"2016-02-26T19:43:47","date_gmt":"2016-02-26T18:43:47","guid":{"rendered":"http:\/\/ploumilliau.bzh\/mairie\/?page_id=261"},"modified":"2025-09-03T11:58:20","modified_gmt":"2025-09-03T09:58:20","slug":"hebergements","status":"publish","type":"page","link":"https:\/\/ploumilliau.bzh\/mairie\/hebergements\/","title":{"rendered":"H\u00e9bergements"},"content":{"rendered":"<h1><span style=\"color: #bdb600;\">G\u00ceTES <\/span><span style=\"font-size: 11px; color: #bdb600;\">class\u00e9s par capacit\u00e9 et ordre alphab\u00e9tique<\/span><\/h1>\n<p><img loading=\"lazy\" class=\"alignleft size-full\" src=\"http:\/\/ploumilliau.bzh\/mairie\/wp-content\/uploads\/2016\/02\/L3V_ext1.jpg\" alt=\"G\u00eete Les 3 Voiles - 4\/5 pers. 3 \u00e9pis 3 \u00e9toiles Ploumilliau\" width=\"150\" height=\"150\" \/><\/p>\n<p><img loading=\"lazy\" class=\"alignnone size-full\" src=\"http:\/\/ploumilliau.bzh\/mairie\/wp-content\/uploads\/2016\/02\/GdF_3epislogo.png\" alt=\"G\u00eetes de France 3 \u00e9pis - Meubl\u00e9 de Tourisme 3 \u00e9toiles\" width=\"150\" height=\"56\" \/><\/p>\n<p><strong><span style=\"color: #b6bd00;\">GITE LES 3 VOILES<\/span> - <span style=\"color: #8f9090;\">4 PERS (5 MAX) - WI-FI - ANCV<\/span><\/strong><br \/>\nSandrine LEMAIRE - Lieu-dit Gou\u00e9liou - 22300 PLOUMILLIAU<br \/>\n06 32 70 24 81 - <a href=\"mailto:sand.lemaire@free.fr\">E-mail<\/a><\/p>\n<p><a class=\"btn btn-default btn-normal btn-inline \" title=\"www.les3voiles.com\" href=\"http:\/\/www.giteles3voiles.com\/\" target=\"_blank\" rel=\"noopener\">Site internet<\/a><\/p>\n<div class=\"hr\"><\/div>\n<p><img loading=\"lazy\" class=\"alignleft size-full\" src=\"http:\/\/ploumilliau.bzh\/mairie\/wp-content\/uploads\/2016\/02\/717-4p.jpg\" alt=\"G\u00eetes de Keroual\" width=\"150\" height=\"150\" \/><\/p>\n<p><img loading=\"lazy\" class=\"alignnone size-full\" src=\"http:\/\/ploumilliau.bzh\/mairie\/wp-content\/uploads\/2016\/02\/GdF_3epislogo.png\" alt=\"G\u00eetes de France 3 \u00e9pis - Meubl\u00e9 de Tourisme 3 \u00e9toiles\" width=\"150\" height=\"56\" \/><\/p>\n<p><strong><span style=\"color: #b6bd00;\">GITES DE KEROUAL<\/span> - <span style=\"color: #8f9090;\">2 GITES 4 et 5 PERS - WI-FI - ANCV<\/span><\/strong><br \/>\nMarc LE BRICQUIR<br \/>\n02 96 35 49 42<\/p>\n<p><a class=\"btn btn-default btn-normal btn-inline \" title=\"Site internet\" href=\"http:\/\/www.gitekeroualbretagne.fr\/\" target=\"_blank\" rel=\"noopener\">Site internet<\/a><\/p>\n<div class=\"hr\"><\/div>\n<p><img loading=\"lazy\" class=\"alignleft size-full\" src=\"http:\/\/ploumilliau.bzh\/mairie\/wp-content\/uploads\/2016\/02\/719-4p.jpg\" alt=\"Les Cam\u00e9lias\" width=\"150\" height=\"150\" \/><\/p>\n<p><img loading=\"lazy\" class=\"alignnone size-full9\" src=\"http:\/\/ploumilliau.bzh\/mairie\/wp-content\/uploads\/2016\/02\/GdF_3epislogo.png\" alt=\"G\u00eetes de France 3 \u00e9pis - Meubl\u00e9 de Tourisme 3 \u00e9toiles\" width=\"150\" height=\"56\" \/><\/p>\n<p><strong><span style=\"color: #b6bd00;\">LES CAM\u00c9LIAS<\/span> - <span style=\"color: #8f9090;\">4 PERS - WI-FI - ANCV<\/span><\/strong><br \/>\nR\u00e9servation : G\u00eetes De France C\u00f4tes-d'Armor<br \/>\n02 30 30 30 22<\/p>\n<p><a class=\"btn btn-default btn-normal btn-inline \" title=\"En savoir plus\" href=\"http:\/\/www.gitesdarmor.com\/location-vacances\/gite-ploumilliau-22G110719.html\" target=\"_blank\" rel=\"noopener\">En savoir plus<\/a><\/p>\n<div class=\"hr\"><\/div>\n<p><img loading=\"lazy\" class=\"alignleft size-full\" src=\"http:\/\/ploumilliau.bzh\/mairie\/wp-content\/uploads\/2016\/02\/731-4p.jpg\" alt=\"Poul\u00e9got\" width=\"150\" height=\"150\" \/><\/p>\n<p><img loading=\"lazy\" class=\"alignnone size-full\" src=\"http:\/\/ploumilliau.bzh\/mairie\/wp-content\/uploads\/2016\/02\/GdF_3epislogo.png\" alt=\"G\u00eetes de France 3 \u00e9pis - Meubl\u00e9 de Tourisme 3 \u00e9toiles\" width=\"150\" height=\"56\" \/><\/p>\n<p><strong><span style=\"color: #b6bd00;\">POUL\u00c9GOT<\/span> - <span style=\"color: #8f9090;\">4 PERS - WI-FI - ANCV<\/span><\/strong><br \/>\nGilles et Claudine BRICQUER<br \/>\n02 99 31 33 32 - 06 22 36 27 07<\/p>\n<p><a class=\"btn btn-default btn-normal btn-inline \" title=\"En savoir plus\" href=\"http:\/\/www.gitesdarmor.com\/location-vacances\/gite-ploumilliau-22G110731.html\" target=\"_blank\" rel=\"noopener\">En savoir plus<\/a><\/p>\n<div class=\"hr\"><\/div>\n<p><img loading=\"lazy\" class=\"alignleft size-full\" src=\"http:\/\/ploumilliau.bzh\/mairie\/wp-content\/uploads\/2016\/04\/Tr\u00e9zao-e1461078602544.jpg\" alt=\"Les G\u00eetes de Tr\u00e9zao\" width=\"150\" height=\"150\" \/><\/p>\n<p><img loading=\"lazy\" class=\"alignnone size-full\" src=\"http:\/\/ploumilliau.bzh\/mairie\/wp-content\/uploads\/2016\/04\/meuble4etoiles.png\" alt=\"Meubl\u00e9 de Tourisme 4 \u00e9toiles\" width=\"65\" height=\"56\" \/><\/p>\n<p><strong><span style=\"color: #b6bd00;\">Les G\u00eetes de Tr\u00e9zao<\/span> - <span style=\"color: #8f9090;\">2 GITES 4 et 5 PERS - 1 GITE 4 PERS - 1 GITE 3 PERS - WI-FI - ANCV<\/span><\/strong><br \/>\nMarie-Pierre et Yves LE BEUX - Tr\u00e9zao - 22300 PLOUMILLIAU<br \/>\n02 96 54 40 50 - <a href=\"mailto:pymky.lb@orange.fr\">E-mail<\/a><\/p>\n<p><a class=\"btn btn-default btn-normal btn-inline \" title=\"Site internet\" href=\"http:\/\/ploumilliau.fr\/\" target=\"_blank\" rel=\"noopener\">Site internet<\/a><\/p>\n<p><img loading=\"lazy\" class=\"alignleft size-full\" src=\"http:\/\/ploumilliau.bzh\/mairie\/wp-content\/uploads\/2016\/02\/726-6p.jpg\" alt=\"G\u00eete HentGlas 6 personnes\" width=\"150\" height=\"150\" \/><\/p>\n<p><img loading=\"lazy\" class=\"alignnone size-full\" src=\"http:\/\/ploumilliau.bzh\/mairie\/wp-content\/uploads\/2016\/02\/GdF_3epislogo.png\" alt=\"G\u00eetes de France 3 \u00e9pis - Meubl\u00e9 de Tourisme 3 \u00e9toiles\" width=\"150\" height=\"56\" \/><\/p>\n<p><strong><span style=\"color: #b6bd00;\">GITE HENTGLAS<\/span> - <span style=\"color: #8f9090;\">6 PERS - WI-FI - ANCV<\/span><\/strong><br \/>\nAnnie &amp; Arnaud REUNGOAT - Hent Glaz - 22300 PLOUMILLIAU<br \/>\n06 14 07 21 12 - <a href=\"mailto:contact@gite-hentglas.com\">E-mail<\/a><\/p>\n<p><a class=\"btn btn-default btn-normal btn-inline \" title=\"Site internet\" href=\"http:\/\/www.gite-hentglas.com\/\" target=\"_blank\" rel=\"noopener\">Site internet<\/a><\/p>\n<div class=\"hr\"><\/div>\n<p><img loading=\"lazy\" class=\"alignleft size-full\" src=\"http:\/\/ploumilliau.bzh\/mairie\/wp-content\/uploads\/2016\/06\/Jacob-e1465992045543.jpg\" alt=\"G\u00eete JACOB 6 personnes\" width=\"150\" height=\"150\" \/><\/p>\n<p><img loading=\"lazy\" class=\"alignnone size-full\" src=\"http:\/\/ploumilliau.bzh\/mairie\/wp-content\/uploads\/2016\/04\/meuble3etoiles.png\" alt=\"Meubl\u00e9 de Tourisme 3 \u00e9toiles\" width=\"65\" height=\"56\" \/><\/p>\n<p><strong><span style=\"color: #b6bd00;\">GITE JACOB<\/span> - <span style=\"color: #8f9090;\">6 PERS - WI-FI - ANCV<\/span><\/strong><br \/>\nDominique JACOB - Keranvot - 22300 PLOUMILLIAU<br \/>\n02 96 35 40 93 - 06 02 22 55 88 - <a href=\"mailto:contact@gite-hentglas.com\">E-mail<\/a><\/p>\n<p><a class=\"btn btn-default btn-normal btn-inline \" title=\"Site internet\" href=\"http:\/\/kertourisme.fr\/component\/jea\/62-location-d-un-charmant-gite-ancienne-ferme-datant-probablement-du-3-eme-quart-du-19-em-siecle.html\" target=\"_blank\" rel=\"noopener\">Site internet<\/a><\/p>\n<div class=\"hr\"><\/div>\n<p><img loading=\"lazy\" class=\"alignleft size-full\" src=\"http:\/\/ploumilliau.bzh\/mairie\/wp-content\/uploads\/2016\/02\/710-8p.jpg\" alt=\"Daniel LE MORVAN 8 personnes\" width=\"150\" height=\"150\" \/><\/p>\n<p><img loading=\"lazy\" class=\"alignnone size-full\" src=\"http:\/\/ploumilliau.bzh\/mairie\/wp-content\/uploads\/2016\/02\/GdF_3epislogo.png\" alt=\"G\u00eetes de France 3 \u00e9pis - Meubl\u00e9 de Tourisme 3 \u00e9toiles\" width=\"150\" height=\"56\" \/><\/p>\n<p><strong><span style=\"color: #b6bd00;\">GITE LE MORVAN<\/span> - <span style=\"color: #8f9090;\">8 PERS - WI-FI - ANCV<\/span><\/strong><br \/>\nMme et Mr LE MORVAN - Le Rest - 22300 PLOUMILLIAU<br \/>\n02 96 35 46 80 - <a href=\"mailto:contact@gitelemorvan.com\">E-mail<\/a><\/p>\n<p><a class=\"btn btn-default btn-normal btn-inline \" title=\"Site internet\" href=\"http:\/\/gitelemorvan.com\/\" target=\"_blank\" rel=\"noopener\">Site internet<\/a><\/p>\n<div class=\"hr\"><\/div>\n<h1><span style=\"color: #bdb600;\">LOCATIONS <\/span><span style=\"font-size: 11px; color: #bdb600;\">class\u00e9es par capacit\u00e9 et ordre alphab\u00e9tique<\/span><\/h1>\n<p><img loading=\"lazy\" class=\"alignleft size-full\" src=\"http:\/\/ploumilliau.bzh\/mairie\/wp-content\/uploads\/2016\/02\/CleVac3.jpg\" width=\"150\" height=\"150\" \/><\/p>\n<p><img loading=\"lazy\" class=\"alignnone size-full\" src=\"http:\/\/ploumilliau.bzh\/mairie\/wp-content\/uploads\/2016\/02\/2cles.jpg\" alt=\"Cl\u00e9Vacances\" width=\"150\" height=\"56\" \/><\/p>\n<p><strong><span style=\"color: #b6bd00;\">4 personnes<\/span> - <span style=\"color: #8f9090;\">2 chambres<\/span><\/strong><br \/>\nMadame Huguette BLANLOEIL<br \/>\nLouargat - 22300 PLOUMILLIAU<\/p>\n<p><a class=\"btn btn-default btn-normal btn-inline \" title=\"En savoir plus\" href=\"http:\/\/www.clevacances.com\/fr\/locationvacances\/Bretagne\/C\u00f4tes%20d'Armor\/Ploumilliau\/Location%20de%20vacances\/5687\" target=\"_blank\" rel=\"noopener\">En savoir plus<\/a><\/p>\n<div class=\"hr\"><\/div>\n<p><img loading=\"lazy\" class=\"alignleft size-full\" src=\"http:\/\/ploumilliau.bzh\/mairie\/wp-content\/uploads\/2016\/02\/CleVac2.jpg\" width=\"150\" height=\"150\" \/><\/p>\n<p><img loading=\"lazy\" class=\"alignnone size-full\" src=\"http:\/\/ploumilliau.bzh\/mairie\/wp-content\/uploads\/2016\/02\/3cles.jpg\" alt=\"Cl\u00e9Vacances\" width=\"150\" height=\"56\" \/><\/p>\n<p><strong><span style=\"color: #b6bd00;\">5 personnes<\/span> - <span style=\"color: #8f9090;\">2 chambres<\/span><\/strong><br \/>\nG\u00eete aux cam\u00e9lias<br \/>\nDominique CONNAN<\/p>\n<p><a class=\"btn btn-default btn-normal btn-inline \" title=\"En savoir plus\" href=\"http:\/\/www.clevacances.com\/fr\/locationvacances\/Bretagne\/C\u00f4tes%20d'Armor\/Ploumilliau\/gite_aux_camelias\/5506\" target=\"_blank\" rel=\"noopener\">En savoir plus<\/a><\/p>\n<div class=\"hr\"><\/div>\n<p><img loading=\"lazy\" class=\"alignleft size-full\" src=\"http:\/\/ploumilliau.bzh\/mairie\/wp-content\/uploads\/2016\/02\/CleVac1.jpg\" width=\"150\" height=\"150\" \/><\/p>\n<p><img loading=\"lazy\" class=\"alignnone size-full\" src=\"http:\/\/ploumilliau.bzh\/mairie\/wp-content\/uploads\/2016\/02\/2cles.jpg\" alt=\"Cl\u00e9Vacances\" width=\"150\" height=\"56\" \/><\/p>\n<p><strong><span style=\"color: #b6bd00;\">8 personnes<\/span> - <span style=\"color: #8f9090;\">4 chambres<\/span><\/strong><br \/>\nMonsieur Patrick MALA<br \/>\nPanazol - 22300 PLOUMILLIAU<\/p>\n<p><a class=\"btn btn-default btn-normal btn-inline \" title=\"En savoir plus\" href=\"http:\/\/www.clevacances.com\/fr\/locationvacances\/Bretagne\/C\u00f4tes%20d'Armor\/Ploumilliau\/perros_guirec_a_17_kms_location_de_2_a_8_pers_maison_a_la_campagne_a_1km9_de_la_mer_secteur_baie_de_la_vierge\/6188\" target=\"_blank\" rel=\"noopener\">En savoir plus<\/a><\/p>\n<div class=\"hr\"><\/div>\n<h1><span style=\"color: #bdb600;\">MAISON D'H\u00d4TES <\/span><\/h1>\n<p><img loading=\"lazy\" class=\"alignleft size-full\" src=\"http:\/\/ploumilliau.bzh\/mairie\/wp-content\/uploads\/2016\/02\/manoirdelisle.jpg\" width=\"150\" height=\"150\" \/><\/p>\n<p><strong><span style=\"color: #b6bd00;\">MANOIR DE L'ISLE<\/span> - <span style=\"color: #8f9090;\">5 chambres + 1 g\u00eete<\/span><\/strong><br \/>\nL'Isle - 22300 PLOUMILLIAU<br \/>\n06 61 15 02 01 - 02 96 35 39 90<br \/>\n<a href=\"mailto:contact@manoirdelisle.com\">E-mail<\/a><\/p>\n<p><a class=\"btn btn-default btn-normal btn-inline \" title=\"Site internet\" href=\"http:\/\/www.manoirdelisle.com\" target=\"_blank\" rel=\"noopener\">Site internet<\/a><\/p>\n<div class=\"hr\"><\/div>\n<p><img loading=\"lazy\" class=\"alignleft size-full\" src=\"http:\/\/ploumilliau.bzh\/mairie\/wp-content\/uploads\/2016\/03\/tigaletazen2.jpg\" alt=\"TI GALET'AZEN\" width=\"150\" height=\"150\" \/><\/p>\n<p><strong><span style=\"color: #b6bd00;\">TI GALET'AZEN<\/span><br \/>\n<span style=\"color: #8f9090;\">1 chambre \"Accueil Paysan\"<\/span><\/strong><br \/>\nChristine RIOU - Toull ar Garenn - 22300 PLOUMILLIAU<br \/>\n02 96 35 46 75 - 06 73 39 81 30<\/p>\n<p><a class=\"btn btn-default btn-normal btn-inline \" title=\"Site internet\" href=\"http:\/\/www.tigaletazen.com\/\" target=\"_blank\" rel=\"noopener\">Site internet<\/a><\/p>\n<div class=\"hr\"><\/div>\n","protected":false},"excerpt":{"rendered":"<p>G\u00ceTES class\u00e9s par capacit\u00e9 et ordre alphab\u00e9tique GITE LES 3 VOILES - 4 PERS (5 MAX) - WI-FI - ANCV Sandrine LEMAIRE - Lieu-dit Gou\u00e9liou - 22300 PLOUMILLIAU 06 32 70 24 81 - E-mail Site internet GITES DE KEROUAL - 2 GITES 4 et 5 PERS - WI-FI - ANCV Marc LE BRICQUIR 02 96 35 49 42 Site&nbsp;<a href=\"https:\/\/ploumilliau.bzh\/mairie\/hebergements\/\" class=\"read-more\">Lire la suite<\/a><\/p>\n","protected":false},"author":1,"featured_media":0,"parent":0,"menu_order":0,"comment_status":"closed","ping_status":"closed","template":"","meta":[],"_links":{"self":[{"href":"https:\/\/ploumilliau.bzh\/mairie\/wp-json\/wp\/v2\/pages\/261"}],"collection":[{"href":"https:\/\/ploumilliau.bzh\/mairie\/wp-json\/wp\/v2\/pages"}],"about":[{"href":"https:\/\/ploumilliau.bzh\/mairie\/wp-json\/wp\/v2\/types\/page"}],"author":[{"embeddable":true,"href":"https:\/\/ploumilliau.bzh\/mairie\/wp-json\/wp\/v2\/users\/1"}],"replies":[{"embeddable":true,"href":"https:\/\/ploumilliau.bzh\/mairie\/wp-json\/wp\/v2\/comments?post=261"}],"version-history":[{"count":40,"href":"https:\/\/ploumilliau.bzh\/mairie\/wp-json\/wp\/v2\/pages\/261\/revisions"}],"predecessor-version":[{"id":4677,"href":"https:\/\/ploumilliau.bzh\/mairie\/wp-json\/wp\/v2\/pages\/261\/revisions\/4677"}],"wp:attachment":[{"href":"https:\/\/ploumilliau.bzh\/mairie\/wp-json\/wp\/v2\/media?parent=261"}],"curies":[{"name":"wp","href":"https:\/\/api.w.org\/{rel}","templated":true}]}}