{"id":50,"date":"2016-02-22T12:26:49","date_gmt":"2016-02-22T11:26:49","guid":{"rendered":"http:\/\/ploumilliau.bzh\/mairie\/?page_id=50"},"modified":"2016-03-04T11:20:42","modified_gmt":"2016-03-04T10:20:42","slug":"presentation","status":"publish","type":"page","link":"https:\/\/ploumilliau.bzh\/mairie\/presentation\/","title":{"rendered":"Pr\u00e9sentation"},"content":{"rendered":"<p><img loading=\"lazy\" src=\"http:\/\/ploumilliau.bzh\/mairie\/wp-content\/uploads\/2016\/03\/presentation.jpg\" alt=\"presentation\" width=\"762\" height=\"200\" class=\"alignnone size-full wp-image-486\" srcset=\"https:\/\/ploumilliau.bzh\/mairie\/wp-content\/uploads\/2016\/03\/presentation.jpg 762w, https:\/\/ploumilliau.bzh\/mairie\/wp-content\/uploads\/2016\/03\/presentation-310x81.jpg 310w\" sizes=\"(max-width: 762px) 100vw, 762px\" \/><\/p>\n<h5><span style=\"color:#bdb600\">Bienvenue \u00e0 Ploumilliau<\/span><\/h5>\n<p>Occupant la partie nord-ouest du plateau du <strong>Tr\u00e9gor<\/strong>, la commune de Ploumilliau, d\u2019une superficie de 3469 ha, est la plus \u00e9tendue du canton de <strong>Plestin-les-Gr\u00e8ves<\/strong>.<\/p>\n<p>C\u00f4t\u00e9 terre et c\u00f4t\u00e9 mer, elle allie les charmes de l\u2019Argoat et de l\u2019Armor :<br \/>\nau sud, l\u2019authenticit\u00e9 du hameau de <strong>Keraudy<\/strong> (Keraodi) qui a pr\u00e9serv\u00e9 son bel enclos paroissial ;<br \/>\nau nord, la beaut\u00e9 sauvage de la c\u00f4te du <strong>Pont-Roux<\/strong>, au pied du site remarquable du <strong>Yaudet<\/strong>, face \u00e0 la baie de <strong>Lannion<\/strong>.<\/p>\n<p>La place du bourg domin\u00e9e par la sobre \u00e9l\u00e9gance de son \u00e9glise Beaumanoir est entour\u00e9e de maisons de caract\u00e8re. A 10 km de Lannion, Ploumilliau est travers\u00e9e par la route d\u00e9partementale 786, le long de laquelle s\u2019est d\u00e9velopp\u00e9e la zone artisanale de la Croix-Rouge qui regroupe 270 emplois. Sa population, en pleine expansion, avoisine aujourd\u2019hui les 2500 habitants.<\/p>\n<p>Associant commerces dynamiques, activit\u00e9s agricoles, artisanales et de haute technologie, Ploumilliau, fid\u00e8le \u00e0 ses traditions, est r\u00e9solument tourn\u00e9e vers l\u2019avenir.<\/p>\n<p><img loading=\"lazy\" src=\"http:\/\/ploumilliau.bzh\/mairie\/wp-content\/uploads\/2016\/03\/baiedelavierge.jpg\" alt=\"baiedelavierge\" width=\"762\" height=\"200\" class=\"alignnone size-full wp-image-484\" srcset=\"https:\/\/ploumilliau.bzh\/mairie\/wp-content\/uploads\/2016\/03\/baiedelavierge.jpg 762w, https:\/\/ploumilliau.bzh\/mairie\/wp-content\/uploads\/2016\/03\/baiedelavierge-310x81.jpg 310w\" sizes=\"(max-width: 762px) 100vw, 762px\" \/><\/p>\n<h5><span style=\"color:#bdb600\">Jumelage<\/span><\/h5>\n<p>En 2010, PLOUMILLIAU s\u2019est jumel\u00e9e avec <strong>ASSON<\/strong> dans le B\u00e9arn. Situ\u00e9e aux pieds des Pyr\u00e9n\u00e9es, entre Pau et Lourdes, Asson (2100 hab.) est la commune des grottes de B\u00e9tharram.<\/p>\n<p>Au mois d'ao\u00fbt 2010, les maires des deux communes ont sign\u00e9 la charte du jumelage par laquelle l\u2019engagement est pris de promouvoir et d\u2019encourager toutes actions qui permettent aux habitants des deux cit\u00e9s de se conna\u00eetre, de coop\u00e9rer, de nouer des liens dans les domaines de la vie culturelle, touristique, sociale, \u00e9conomique et sportive. Le but est de tisser entre les hommes des liens d\u2019amiti\u00e9 qui leur permettent de se rencontrer pour apprendre \u00e0 se conna\u00eetre et \u00e0 se comprendre. Dans cet esprit, seront encourag\u00e9s les \u00e9changes en tous domaines de la vie dans le respect des croyances, des us et coutumes de chacun et ceci d\u2019un commun accord. Ce premier \u00e9change dans la convivialit\u00e9 et la bonne humeur a \u00e9t\u00e9 le pr\u00e9lude \u00e0 de riches et chaleureux \u00e9changes.<\/p>\n","protected":false},"excerpt":{"rendered":"<p>Bienvenue \u00e0 Ploumilliau Occupant la partie nord-ouest du plateau du Tr\u00e9gor, la commune de Ploumilliau, d\u2019une superficie de 3469 ha, est la plus \u00e9tendue du canton de Plestin-les-Gr\u00e8ves. C\u00f4t\u00e9 terre et c\u00f4t\u00e9 mer, elle allie les charmes de l\u2019Argoat et de l\u2019Armor : au sud, l\u2019authenticit\u00e9 du hameau de Keraudy (Keraodi) qui a pr\u00e9serv\u00e9 son bel enclos paroissial ; au&nbsp;<a href=\"https:\/\/ploumilliau.bzh\/mairie\/presentation\/\" class=\"read-more\">Lire la suite<\/a><\/p>\n","protected":false},"author":1,"featured_media":0,"parent":0,"menu_order":0,"comment_status":"closed","ping_status":"closed","template":"","meta":[],"_links":{"self":[{"href":"https:\/\/ploumilliau.bzh\/mairie\/wp-json\/wp\/v2\/pages\/50"}],"collection":[{"href":"https:\/\/ploumilliau.bzh\/mairie\/wp-json\/wp\/v2\/pages"}],"about":[{"href":"https:\/\/ploumilliau.bzh\/mairie\/wp-json\/wp\/v2\/types\/page"}],"author":[{"embeddable":true,"href":"https:\/\/ploumilliau.bzh\/mairie\/wp-json\/wp\/v2\/users\/1"}],"replies":[{"embeddable":true,"href":"https:\/\/ploumilliau.bzh\/mairie\/wp-json\/wp\/v2\/comments?post=50"}],"version-history":[{"count":5,"href":"https:\/\/ploumilliau.bzh\/mairie\/wp-json\/wp\/v2\/pages\/50\/revisions"}],"predecessor-version":[{"id":488,"href":"https:\/\/ploumilliau.bzh\/mairie\/wp-json\/wp\/v2\/pages\/50\/revisions\/488"}],"wp:attachment":[{"href":"https:\/\/ploumilliau.bzh\/mairie\/wp-json\/wp\/v2\/media?parent=50"}],"curies":[{"name":"wp","href":"https:\/\/api.w.org\/{rel}","templated":true}]}}