{"id":62,"date":"2016-02-22T12:30:13","date_gmt":"2016-02-22T11:30:13","guid":{"rendered":"http:\/\/ploumilliau.bzh\/mairie\/?page_id=62"},"modified":"2026-03-30T14:47:48","modified_gmt":"2026-03-30T12:47:48","slug":"tourisme-loisirs","status":"publish","type":"page","link":"https:\/\/ploumilliau.bzh\/mairie\/tourisme-loisirs\/","title":{"rendered":"Tourisme &#038; Loisirs"},"content":{"rendered":"<h5><span style=\"color: #bdb600;\">Tourisme &amp; Loisirs :<\/span><\/h5>\n<p><img loading=\"lazy\" class=\"alignnone size-thumbnail wp-image-241\" src=\"http:\/\/ploumilliau.bzh\/mairie\/wp-content\/uploads\/2016\/02\/EgliseStMilliau-150x150.jpg\" alt=\"EgliseStMilliau\" width=\"150\" height=\"150\" \/>\u00a0\u00a0\u00a0\u00a0<img loading=\"lazy\" class=\"alignnone size-thumbnail wp-image-264\" src=\"http:\/\/ploumilliau.bzh\/mairie\/wp-content\/uploads\/2016\/02\/marche-150x150.jpg\" alt=\"marche\" width=\"150\" height=\"150\" srcset=\"https:\/\/ploumilliau.bzh\/mairie\/wp-content\/uploads\/2016\/02\/marche-150x150.jpg 150w, https:\/\/ploumilliau.bzh\/mairie\/wp-content\/uploads\/2016\/02\/marche.jpg 164w\" sizes=\"(max-width: 150px) 100vw, 150px\" \/>\u00a0\u00a0\u00a0\u00a0<img loading=\"lazy\" class=\"alignnone size-thumbnail wp-image-265\" src=\"http:\/\/ploumilliau.bzh\/mairie\/wp-content\/uploads\/2016\/02\/Pont-Roux-150x150.jpg\" alt=\"Pont-Roux\" width=\"150\" height=\"150\" \/><\/p>\n<h6><span style=\"color: #bdb600;\">Visite de l'\u00e9glise<\/span><\/h6>\n<p>Pendant les mois de juillet et ao\u00fbt, l\u2019\u00e9glise est ouverte aux visiteurs. Des visites comment\u00e9es sont r\u00e9guli\u00e8rement organis\u00e9es, merci de contacter la mairie pour plus d'informations.<\/p>\n<h6><span style=\"color: #bdb600;\">Le march\u00e9<\/span><\/h6>\n<p>Le march\u00e9 hebdomadaire a lieu chaque samedi, sur la place de l\u2019\u00e9glise.<\/p>\n<h6><span style=\"color: #bdb600;\">Randonn\u00e9es<\/span><\/h6>\n<p>Ploumilliau offre de nombreuses possibilit\u00e9s de promenades. Plusieurs chemins de randonn\u00e9es sont ouverts au public et r\u00e9guli\u00e8rement entretenus.<br \/>L\u2019un d\u2019entre-eux empreinte une ancienne voie de chemin de fer qui traversait la commune avant de longer la mer en direction de Plestin-les-gr\u00e8ves. Ce train exista jusqu\u2019en 1936. La commune de Ploumilliau d\u00e9bouche \u00e9galement sur la mer : 1,5 km de littoral qui vont de la plage du Pont-Roux, (qui jouxte \"le Yaudet\" en Ploulec\u2019h, ancienne cit\u00e9 gallo-romaine) jusqu\u2019\u00e0 la balise de Poull Madogan (\u00e0 l\u2019entr\u00e9e de la \"plage carr\u00e9e\" situ\u00e9e en Tr\u00e9drez-Locqu\u00e9meau).<\/p>\n<p><strong><em>L\u2019association \"Hento\u00f9 Kozh\" propose des randonn\u00e9es pendant l\u2019\u00e9t\u00e9 aux estivants chaque jeudi \u00e0 16 heures (d\u00e9part sur la place de l\u2019\u00e9glise).<\/em><\/strong><\/p>\n<h6><span style=\"color: #bdb600;\">Le Circuit des Chapelles<\/span><\/h6>\n<p>Chaque \u00e9t\u00e9, du 15 juillet au 15 ao\u00fbt, le Circuit des Chapelles -Troiad ar Chapelio\u00f9- propose la d\u00e9couvertes de 12 chapelles ou \u00e9glises du Canton de Plestin-Les-Gr\u00e8ves. Dans certaines, des artistes contemporains exposent leurs cr\u00e9ations. Dans d\u2019autres, des concerts vous sont propos\u00e9s (tradition celtique, r\u00e9pertoire contemporain, musique baroque, ...). A Ploumilliau, l'Eglise de Keraudy et la Chapelle Christ participent \u00e0 ce circuit. Des randonn\u00e9es sont aussi propos\u00e9es. <a href=\"http:\/\/plestinlesgreves.fr\/ocm\/circuit.php\" target=\"_blank\" rel=\"noopener\">En savoir plus ...<\/a><\/p>\n<h6><span style=\"color: #bdb600;\">Les pardons<\/span><\/h6>\n<p>\u2022 <strong>Saint Milliau<\/strong> : le week-end de l\u2019Ascension<br \/>\u2022 <strong>Saint Kado<\/strong> : le dernier dimanche d\u2019avril<br \/>\u2022 <strong>Christ<\/strong> : le 3\u00e8me dimanche de septembre<br \/>\u2022 <strong>Keraodi<\/strong> : le 1er dimanche de septembre<\/p>\n<h6><span style=\"color: #bdb600;\">Exposition artistique<\/span><\/h6>\n<p>Chaque ann\u00e9e durant la premi\u00e8re quinzaine d'ao\u00fbt, le restaurant scolaire se transforme en galerie d'art et accueille un artiste local. Renseignements \u00e0 la Mairie ou \u00e0 l'Office de Tourisme.<\/p>\n<h6><span style=\"color: #bdb600;\">Cours de tennis<\/span><\/h6>\n<p>Il est possible de r\u00e9server le court de tennis couvert situ\u00e9 dans la salle omnisports en s\u2019adressant \u00e0 la Mairie.<\/p>\n<h6><span style=\"color: #bdb600;\">Moyen de transports<\/span><\/h6>\n<p>La ligne 30 relie Lannion et Morlaix.<\/p>\n<p>Les nouveaux horaires suites aux travaux du 01\/09\/25 au 03\/07\/26 :\u00a0 <a href=\"https:\/\/www.lannion-tregor.com\/vos-services\/transports\/transport-en-commun\/\">Descriptif sur LTC <\/a><a href=\"https:\/\/ploumilliau.bzh\/mairie\/wp-content\/uploads\/2026\/03\/Ligne30_fin-juillet-2026.pdf\"><img loading=\"lazy\" class=\"alignnone wp-image-1152 size-full\" src=\"https:\/\/ploumilliau.bzh\/mairie\/wp-content\/uploads\/2018\/05\/PDF-blanc-e1530090938812.jpg\" alt=\"\" width=\"30\" height=\"30\" \/><\/a><\/p>\n<h6><span style=\"color: #bdb600;\">En savoir +<\/span><\/h6>\n<p><a href=\"http:\/\/www.bretagne-cotedegranitrose.com\" target=\"_blank\" rel=\"noopener\"><img class=\"alignnone size-full\" src=\"http:\/\/ploumilliau.bzh\/mairie\/wp-content\/uploads\/2016\/02\/offtourisme_logo.png\" alt=\"Office du Tourisme C\u00f4te de Granit Rose\" width=\"186\" \/><\/a><\/p>\n<p><a href=\"http:\/\/www.cotesdarmor.com\" target=\"_blank\" rel=\"noopener\"><img class=\"alignnone size-full\" src=\"http:\/\/ploumilliau.bzh\/mairie\/wp-content\/uploads\/2016\/02\/cdt_armor_logo.png\" alt=\"Comit\u00e9 du Tourisme D\u00e9partemental\" width=\"110\" \/><\/a><\/p>\n\n\n<p><\/p>\n","protected":false},"excerpt":{"rendered":"<p>Tourisme &amp; Loisirs : \u00a0\u00a0\u00a0\u00a0\u00a0\u00a0\u00a0\u00a0 Visite de l'\u00e9glise Pendant les mois de juillet et ao\u00fbt, l\u2019\u00e9glise est ouverte aux visiteurs. Des visites comment\u00e9es sont r\u00e9guli\u00e8rement organis\u00e9es, merci de contacter la mairie pour plus d'informations. Le march\u00e9 Le march\u00e9 hebdomadaire a lieu chaque samedi, sur la place de l\u2019\u00e9glise. Randonn\u00e9es Ploumilliau offre de nombreuses possibilit\u00e9s de promenades. Plusieurs chemins de randonn\u00e9es&nbsp;<a href=\"https:\/\/ploumilliau.bzh\/mairie\/tourisme-loisirs\/\" class=\"read-more\">Lire la suite<\/a><\/p>\n","protected":false},"author":1,"featured_media":0,"parent":0,"menu_order":0,"comment_status":"closed","ping_status":"closed","template":"","meta":[],"_links":{"self":[{"href":"https:\/\/ploumilliau.bzh\/mairie\/wp-json\/wp\/v2\/pages\/62"}],"collection":[{"href":"https:\/\/ploumilliau.bzh\/mairie\/wp-json\/wp\/v2\/pages"}],"about":[{"href":"https:\/\/ploumilliau.bzh\/mairie\/wp-json\/wp\/v2\/types\/page"}],"author":[{"embeddable":true,"href":"https:\/\/ploumilliau.bzh\/mairie\/wp-json\/wp\/v2\/users\/1"}],"replies":[{"embeddable":true,"href":"https:\/\/ploumilliau.bzh\/mairie\/wp-json\/wp\/v2\/comments?post=62"}],"version-history":[{"count":15,"href":"https:\/\/ploumilliau.bzh\/mairie\/wp-json\/wp\/v2\/pages\/62\/revisions"}],"predecessor-version":[{"id":4815,"href":"https:\/\/ploumilliau.bzh\/mairie\/wp-json\/wp\/v2\/pages\/62\/revisions\/4815"}],"wp:attachment":[{"href":"https:\/\/ploumilliau.bzh\/mairie\/wp-json\/wp\/v2\/media?parent=62"}],"curies":[{"name":"wp","href":"https:\/\/api.w.org\/{rel}","templated":true}]}}